*2. Give v(2).
-13
Let k(l) = l**3 - 10*l**2 + 7*l + 2. Let i = -1687 + 1697. Calculate k(i).
72
Suppose -5*n - 2*d - 18 = 0, n + 30 = 10*d - 6*d. Let v(x) = x**2 - 7*x - 3. Give v(n).
75
Let f(h) = 10*h**2 - 697*h - 697. Let k be f(-1). Let v(c) = c**3 - 13*c**2 + 25*c + 21. What is v(k)?
-29
Let d = 5 - 1. Suppose -20*j = -18*j - 4. Let s(g) = -3*g - g + 1 - j*g + 5*g. Determine s(d).
-3
Let z(i) = 13*i**3 - i**2 + 2*i - 2. Let d(s) = -s**3. Let b(q) = 3*d(q) + z(q). Let n(k) = -64*k - 1599. Let f be n(-25). Calculate b(f).
9
Let n(g) be the first derivative of g**5/120 - g**4/12 + 155*g**3/3 + 9. Let p(y) be the third derivative of n(y). Determine p(5).
3
Suppose 786*h - 747*h - 390 = 0. Let x(q) = q**3 - 10*q**2 + 3*q - 23. What is x(h)?
7
Let y(a) = -17202*a**2 + 17201*a**2 + 7*a + 15 - 9. Suppose 0 = -g + 3*i - 1, 2*i - 3 = i. What is y(g)?
-2
Let x(y) = 5*y**2 + y + 5. Let g(q) = 3*q**2 + 11*q - 8. Let p(b) = b**2 + 5*b - 4. Let d(a) = -6*g(a) + 13*p(a). Let n(o) = 3*d(o) + 2*x(o). Give n(-1).
-6
Let v(i) = -4*i**2 - 120*i - 190. Let y be v(-28). Let u(z) = 10*z - 347. Calculate u(y).
-7
Let k = -1377 - -1391. Let a(o) = -3*o + 36. Give a(k).
-6
Let o = 52 + -24. Suppose -5*z = -z + o. Let v(h) = -h**2 + 0 - 7*h - 3 + 9 + 4. What is v(z)?
10
Let p be ((-1)/3)/(5/(-150)). Suppose -2*d + 18 = p. Let f(r) = r**3 - 5*r**2 + 3*r + 1. Determine f(d).
-3
Let z(k) = 278 + 281 - 564 - 6*k - k**3 + 7*k**2. Let p(y) = 31*y + 161. Let b be p(-5). Calculate z(b).
-5
Let y = 75 + -68. Let l(p) = 32*p**3 - 2*p**2 - 4*p**2 - 2 + 0*p**2 + y*p - 31*p**3. Determine l(5).
8
Let j(f) = -167*f**2 + 8*f + 11. Let q(x) = 209*x**2 - 8*x - 12. Let b(w) = -5*j(w) - 4*q(w). Let m = 6 + -12. Determine b(m).
5
Let m be 45/6 + 1/(-2). Let j(s) = -20*s**3 + 5*s**2 - 13*s + 4. Let a(o) = -11*o**3 + 2*o**2 - 7*o + 2. Let f(q) = -9*a(q) + 5*j(q). What is f(m)?
-12
Suppose 2978 = v + 149*k, -4*v + 32 = -77*k + 79*k. Suppose 0 = -3*l - 0*l + 6. Let w(h) = 4*h - l*h - h**3 + h + 1 - 2*h**2. Calculate w(v).
-5
Let d(q) be the second derivative of -q**3 + 14 - 9 + 5*q + 2*q**2 - 4*q. Determine d(3).
-14
Let c(z) = -z**3 + 3*z**2 + 11*z - z + 0*z - 14 + 3*z**2. Let x be c(7). Let y(u) = -17 + x*u**2 + 3 + 2 + 2*u + 2 - u**3. Give y(7).
4
Let z(v) = -6*v**2 + 9. Let w(a) = 5*a**2 + a - 8. Let m(u) = -7*w(u) - 6*z(u). Suppose 13*g = -8*g + 1029. Suppose 44*l - g*l + 40 = 0. What is m(l)?
10
Let i(d) = -d**3 + 5*d**2 + 3*d - 26. Let p be i(5). Let j(c) = -5*c - 40. Let z(r) = 2*r + 14. Let x(w) = p*z(w) - 4*j(w). What is x(6)?
-6
Suppose 14*f - 31 + 87 = 0. Let n(m) = -7*m**3 + 8*m**2 - m + 4. Let r(i) = -3*i**3 + 4*i**2 + 2. Let q(u) = f*n(u) + 9*r(u). Determine q(-4).
-14
Let u(k) = -2*k**3 - 33*k**2 + 5*k + 25. Let b(w) = -3*w**3 - 51*w**2 + 8*w + 38. Let i(q) = 5*b(q) - 8*u(q). Determine i(-4).
70
Let r(c) = -3*c**3 + 3*c**2 - 4*c + 2. Let s = -80 + 133. Suppose s*d - 20 = 43*d. What is r(d)?
-18
Let u(k) = 3*k. Let w(z) = 12*z**2 - 6*z + 73. Let r be w(6). Let d = r + -473. What is u(d)?
-12
Suppose -w - 9 = -11. Let h(u) = -6*u - u**w - 37 + 37. Let i(k) = 3*k**3 - 23*k**2 - 9*k + 3. Let v be i(8). Determine h(v).
5
Let f(l) = -l**3 - 5*l**2 + 3*l - 26. Suppose -2*a - 3*t - 18 = 0, 3*a + 380*t = 377*t - 24. Give f(a).
-8
Let q(u) = -u**3 + 6*u**2 + 2*u - 3. Let k = 28 + -44. Let m be (10/20)/(2/k). Let d be -4 - m - -1 - -5. What is q(d)?
9
Let m(x) = -4*x - 53. Let c(f) = f**3 - 117*f**2 + 141*f - 2907. Let b be c(116). Give m(b).
-25
Let k(j) = -j**3 - 7*j**2 + 4*j - 48. Let s be -8 - 0/(9/(18/(-8))). Calculate k(s).
-16
Let o(q) be the second derivative of 3/2*q**2 - 3*q - 7/6*q**3 - 1/8*q**4 + 0 - 1/60*q**5. Let l(c) be the first derivative of o(c). What is l(-5)?
-17
Let q(d) be the second derivative of 3*d - 1/360*d**6 + 0*d**2 - 1/24*d**5 + 7/6*d**3 - 1/6*d**4 + 0. Let p(i) be the second derivative of q(i). What is p(-4)?
0
Let o(m) = -2*m**2 - 15*m - 7. Let z(p) = -3*p + 3. Let i(j) = -o(j) - 2*z(j). What is i(-12)?
37
Let y(c) = -c**2 + 5*c. Let d(i) = -i**3 - 3*i**2 + 4*i + 3. Let s = -25 - -21. Let t be d(s). Suppose -4*j + 42 = t*j. Calculate y(j).
-6
Let z(l) = -46 + l**2 - 7*l - 36 + l**2 + 80. Let d(f) = f**2 - 5*f - 1. Let m(j) = -6*d(j) + 4*z(j). Suppose -r = i - 2*r - 6, -3*i - 2*r - 2 = 0. Give m(i).
10
Suppose -7*l - 34 = 15. Let q = l + 3. Let r(o) = -o**2 + 6*o**3 + 1 - 5*o**3 - o + 4*o**2. What is r(q)?
-11
Suppose -3*h + 2*m = -16, 2*h + 2*h + m = 36. Let g(a) = -58*a + h + 33*a + 27*a + 2. Determine g(-6).
-2
Let j(x) be the first derivative of -x**4/2 - x**3 + 4*x - 2. Suppose -4 = 4*f, 0 = 3*g - 4*g + 3*f. Calculate j(g).
31
Let t = -2475 + 2482. Let a(q) = q**2 + 12*q - 113. Calculate a(t).
20
Let l(f) = -17*f**3 - 44*f**2 + 52. Let t(r) = 5*r**3 + 14*r**2 - 17. Let m(z) = 2*l(z) + 7*t(z). Give m(-10).
-15
Let u(r) = -9*r**3 + 9*r**2 + 35*r + 62. Let p(f) = -4*f**3 + 3*f**2 + 17*f + 29. Let i(o) = 11*p(o) - 5*u(o). Calculate i(11).
20
Let u be (-16)/(-12) + (-49)/21. Let k(m) = -7*m**2 + 13*m + 15. Let l be k(u). Let y(a) = -a**2 - 2*a - 5. What is y(l)?
-20
Suppose 56 = -3*g + p, -120 + 160 = -2*g + 2*p. Let m(o) = -o**3 - 18*o**2 - 3*o - 29. What is m(g)?
25
Let s(a) = -7*a + 32. Let o = 15 - 7. Let r(m) = -3*m + 50. Let i(b) = 8*b - 201. Let v(d) = 2*i(d) + 9*r(d). Let n(f) = o*s(f) - 5*v(f). Give n(7).
9
Let g(i) be the first derivative of -i**4/4 + 2*i**3 - 2*i**2 + i + 27. Let f be 8*(8/4)/(-2). Let v = -3 - f. Determine g(v).
6
Let d(f) = 49*f + 258 + 5*f**2 - 132 - 133. Determine d(-10).
3
Let v = -648 - -651. Suppose v*d - 1 = -3*z + 17, 4*z + 4 = 0. Let t(r) be the third derivative of r**5/60 - r**4/4 + r**3/2 - r**2. Calculate t(d).
10
Let j(g) = g**3 - 14*g**2 + 13*g - 1. Let x be j(13). Let h be 1/(-4) + ((-9)/12 - x). Suppose 0 = -m - h*m + 6. Let b(z) = -z**2 + 6*z + 3. Give b(m).
3
Let y(i) be the first derivative of i**4/4 + 14*i**3/3 + 13*i**2/2 + 7*i + 968. What is y(-13)?
7
Let u(f) be the second derivative of f**5/20 + f**4/2 - 19*f**3/6 - 17*f**2/2 - 1038*f. Give u(-8).
7
Let a(j) = 5*j - 6. Let z(f) be the second derivative of -3*f**3/2 + 11*f**2/2 - 8*f. Let p(o) = -11*a(o) - 6*z(o). Let t be 46/11 - (-44)/(-242). What is p(t)?
-4
Suppose 0 = -7*s + 2*s - 4*r - 7, -24 = 3*s + 9*r. Let h(m) = 29*m**2 - 8*m + 2. Give h(s).
23
Let c be (-174)/54 - (-6)/27. Let a(n) be the third derivative of -n**5/60 + n**4/12 + n**3/3 - 1522*n**2. Determine a(c).
-13
Let b(c) = c + 10. Let z be b(6). Let j = 112 - 92. Suppose j*r = z*r - 8. Let m(h) = 6*h - 1. Determine m(r).
-13
Let x(z) = -31*z**3 - z**2 + z + 1. Let d(s) = -61*s**3 + 9*s**2 + s + 4. Let o(u) = d(u) - 2*x(u). Give o(-11).
13
Suppose -3*v - 5*z = -7*v + 31, -39 = -4*v - 3*z. Suppose -14 = v*m - 23. Let p(c) = -18*c - 1. Determine p(m).
-19
Let d(g) = g**3 + 2*g**2 - 1. Let t be 12/10*(-35)/(-1). Let v = t - 43. Determine d(v).
0
Let y(p) be the second derivative of 4*p**3/3 - 6*p**2 - 76*p + 4. Give y(8).
52
Suppose 0 = a + 4, -5*a = -2*l - 3*l - 25. Let q(z) = 87*z + 9 - 31 + 88*z - 176*z. What is q(l)?
-13
Let g(w) be the third derivative of w**6/120 + w**5/10 + 5*w**4/24 - 2*w**3/3 - 16*w**2 - 27*w. Calculate g(-4).
8
Let a(b) = b + 2. Let y = -16 - -16. Suppose y = 4*v - 15 + 3. Suppose v*l - 5*l = -6. Give a(l).
5
Let y be 3*2/(16/40). Let z(i) = 16 + i - y + 7. What is z(-6)?
2
Let n be 16 + (-90)/(-105)*-7. Let s(k) = 2*k**2 - 20*k - 7. Calculate s(n).
-7
Let m(f) = -f**2 + f + 9. Let b be m(3). Let t(n) = -2*n**2 - 1 + 2*n + n**2 + n. Determine t(b).
-1
Let t(p) = -9 - 5*p**2 - 2 + 2*p**2 - 82*p + 102*p + 2*p**2. Determine t(17).
40
Let k(d) = -d**2 - 7*d + 66. Let v = 6767 - 6762. Calculate k(v).
6
Let d(y) = 65*y + 12938. Let t(k) = -22*k - 4705. Let m(g) = -4*d(g) - 11*t(g). Let b = -3 + 5. Determine m(b).
-33
Let y(c) = 63*c + 193. Let s(o) = 311*o + 977. Let i(x) = 3*s(x) - 16*y(x). Calculate i(-2).
-7
Let w(t) = 3*t**3 - 56*t**2 - 19*t + 9. Let a be w(19). Let v(k) = -14*k + 108. Give v(a).
-18
Let m(p) = -p**3 + 10*p**2 - 9*p + 6. Suppose 26*t = 21*t + 10. Suppose t*f = -2*y + 28, -2*f = -3*y + 15 + 2. Give m(y).
6
Let z(w) = 39 - 851*w + 1700*w - 848*w. Give z(-11).
28
Suppose 12*p - 3*d = -270, -25 = -5*d - 15. Let n(z) = -5*z - 47. Calculate n(p).
63
